he remainder when 2658 is divided by 140.
138
Calculate the remainder when 2068 is divided by 23.
21
Calculate the remainder when 249 is divided by 30.
9
What is the remainder when 672 is divided by 335?
2
Calculate the remainder when 465 is divided by 129.
78
Calculate the remainder when 59 is divided by 37.
22
Calculate the remainder when 439 is divided by 186.
67
What is the remainder when 1334 is divided by 89?
88
Calculate the remainder when 21112 is divided by 23.
21
Calculate the remainder when 7611 is divided by 47.
44
Calculate the remainder when 2931 is divided by 226.
219
What is the remainder when 119 is divided by 3?
2
Calculate the remainder when 1270 is divided by 312.
22
What is the remainder when 910 is divided by 131?
124
Calculate the remainder when 4786 is divided by 21.
19
What is the remainder when 8248 is divided by 10?
8
Calculate the remainder when 659 is divided by 51.
47
Calculate the remainder when 2173 is divided by 2.
1
What is the remainder when 23 is divided by 4?
3
Calculate the remainder when 980 is divided by 165.
155
Calculate the remainder when 24478 is divided by 240.
238
Calculate the remainder when 8471 is divided by 31.
8
Calculate the remainder when 1918 is divided by 31.
27
Calculate the remainder when 1731 is divided by 577.
0
Calculate the remainder when 23 is divided by 9.
5
Calculate the remainder when 147 is divided by 75.
72
What is the remainder when 1652 is divided by 37?
24
What is the remainder when 343 is divided by 90?
73
Calculate the remainder when 619 is divided by 54.
25
Calculate the remainder when 8092 is divided by 88.
84
Calculate the remainder when 678 is divided by 454.
224
What is the remainder when 608 is divided by 27?
14
Calculate the remainder when 449 is divided by 383.
66
Calculate the remainder when 5584 is divided by 14.
12
What is the remainder when 74 is divided by 39?
35
Calculate the remainder when 393 is divided by 134.
125
Calculate the remainder when 129 is divided by 22.
19
Calculate the remainder when 290 is divided by 279.
11
Calculate the remainder when 218 is divided by 74.
70
What is the remainder when 74 is divided by 16?
10
Calculate the remainder when 11096 is divided by 182.
176
Calculate the remainder when 403 is divided by 44.
7
What is the remainder when 214 is divided by 71?
1
What is the remainder when 110 is divided by 4?
2
What is the remainder when 994 is divided by 72?
58
What is the remainder when 486 is divided by 61?
59
What is the remainder when 966 is divided by 88?
86
Calculate the remainder when 526 is divided by 12.
10
Calculate the remainder when 231 is divided by 59.
54
Calculate the remainder when 32 is divided by 20.
12
Calculate the remainder when 263 is divided by 99.
65
What is the remainder when 152 is divided by 39?
35
Calculate the remainder when 1323 is divided by 658.
7
What is the remainder when 206 is divided by 16?
14
Calculate the remainder when 4485 is divided by 22.
19
What is the remainder when 416 is divided by 21?
17
Calculate the remainder when 1563 is divided by 8.
3
Calculate the remainder when 1430 is divided by 1393.
37
Calculate the remainder when 495 is divided by 7.
5
What is the remainder when 627 is divided by 79?
74
What is the remainder when 131 is divided by 29?
15
Calculate the remainder when 361 is divided by 89.
5
Calculate the remainder when 4735 is divided by 316.
311
Calculate the remainder when 163 is divided by 36.
19
Calculate the remainder when 21893 is divided by 136.
133
What is the remainder when 268 is divided by 104?
60
Calculate the remainder when 18143 is divided by 16.
15
Calculate the remainder when 184 is divided by 62.
60
What is the remainder when 77 is divided by 26?
25
Calculate the remainder when 22966 is divided by 99.
97
What is the remainder when 1794 is divided by 1794?
0
What is the remainder when 2337 is divided by 216?
177
What is the remainder when 2037 is divided by 12?
9
What is the remainder when 1335 is divided by 1185?
150
What is the remainder when 972 is divided by 284?
120
What is the remainder when 381 is divided by 96?
93
Calculate the remainder when 779 is divided by 4.
3
What is the remainder when 247 is divided by 83?
81
Calculate the remainder when 739 is divided by 35.
4
Calculate the remainder when 371 is divided by 97.
80
Calculate the remainder when 83 is divided by 39.
5
What is the remainder when 10 is divided by 7?
3
What is the remainder when 41 is divided by 14?
13
What is the remainder when 816 is divided by 105?
81
Calculate the remainder when 189 is divided by 64.
61
Calculate the remainder when 37 is divided by 18.
1
Calculate the remainder when 446 is divided by 28.
26
Calculate the remainder when 156 is divided by 50.
6
What is the remainder when 1846 is divided by 219?
94
Calculate the remainder when 368 is divided by 81.
44
Calculate the remainder when 171 is divided by 18.
9
What is the remainder when 1197 is divided by 16?
13
Calculate the remainder when 177 is divided by 20.
17
Calculate the remainder when 147 is divided by 11.
4
Calculate the remainder when 4465 is divided by 15.
10
Calculate the remainder when 1510 is divided by 42.
40
What is the remainder when 2635 is divided by 872?
19
Calculate the remainder when 729 is divided by 99.
36
What is the remainder when 736 is divided by 39?
34
What is the remainder when 382 is divided by 35?
32
What is the remainder when 3438 is divided by 10?
8
What is the remainder when 36 is divided by 10?
6
What is the remainder when 18 is divided by 18?
0
What is the remainder when 1197 is divided by 60?
57
What is the remainder when 118 is divided by 115?
3
Calculate the remainder when 314 is divided by 40.
34
Calculate the remainder when 266 is divided by 59.
30
What is the remainder when 297 is divided by 51?
42
Calculate the remainder when 1715 is divided by 26.
25
What is the remainder when 364 is divided by 27?
13
What is the remainder when 16 is divided by 3?
1
Calculate the remainder when 873 is divided by 110.
103
Calculate the remainder when 333 is divided by 38.
29
Calculate the remainder when 71 is divided by 8.
7
Calculate the remainder when 143 is divided by 12.
11
Calculate the remainder when 220 is divided by 28.
24
What is the remainder when 394 is divided by 182?
30
Calculate the remainder when 81 is divided by 43.
38
What is the remainder when 1048 is divided by 50?
48
What is the remainder when 13 is divided by 5?
3
What is the remainder when 863 is divided by 108?
107
Calculate the remainder when 943 is divided by 43.
40
Calculate the remainder when 861 is divided by 96.
93
What is the remainder when 849 is divided by 172?
161
What is the remainder when 77 is divided by 20?
17
Calculate the remainder when 4778 is divided by 81.
80
What is the remainder when 1561 is divided by 126?
49
Calculate the remainder when 1283 is divided by 107.
106
What is the remainder when 1319 is divided by 255?
44
What is the remainder when 45 is divided by 1?
0
Calculate the remainder when 800 is divided by 792.
8
Calculate the remainder when 620 is divided by 4.
0
What is the remainder when 101 is divided by 36?
29
Calculate the remainder when 65 is divided by 44.
21
Calculate the remainder when 157 is divided by 20.
17
What is the remainder when 117 is divided by 68?
49
What is the remainder when 48 is divided by 32?
16
What is the remainder when 206 is divided by 13?
11
Calculate the remainder when 21024 is divided by 43.
40
Calculate the remainder when 67 is divided by 64.
3
Calculate the remainder when 630 is divided by 87.
21
What is the remainder when 653 is divided by 103?
35
What is the remainder when 621 is divided by 24?
21
Calculate the remainder when 548 is divided by 498.
50
What is the remainder when 51 is divided by 26?
25
Calculate the remainder when 334 is divided by 111.
1
What is the remainder when 48 is divided by 19?
10
What is the remainder when 34 is divided by 18?
16
What is the remainder when 67 is divided by 37?
30
What is the remainder when 1524 is divided by 15?
9
Calculate the remainder when 29 is divided by 24.
5
What is the remainder when 1688 is divided by 550?
38
What is the remainder when 2351 is divided by 11?
8
What is the remainder when 102 is divided by 37